se 4*p = 5*p - 4. Suppose 0 = -2*u + 2*v + 278, 3*u - v + p*v = 399. Is u a multiple of 37?
False
Let x(m) = -20*m**3 - 2*m**2 - 4*m - 4. Is x(-2) a multiple of 26?
True
Let y(n) = 22 + 13*n - 18*n + 21*n. Is y(10) a multiple of 34?
False
Let t = 37 - 19. Let m be 48/t + 2/(-3). Suppose -m*y + 3*j - 1 = 0, 4*y - 4 = 2*j + 2*j. Is y a multiple of 4?
True
Suppose -3*g + 97 = -68. Let x = g + -24. Is 9 a factor of x?
False
Suppose 0 = s - 5*q - 61, 260 = 4*s - 7*q + 3*q. Let r be (3/(-3))/((-2)/306). Suppose s = 3*l - r. Is 18 a factor of l?
False
Suppose 7*g - 7 = 14. Let u = -31 - -47. Suppose -4*s + 10 + u = i, -g*s = -4*i + 104. Does 13 divide i?
True
Let a be 46 + (0 - 3) + -1. Suppose 5*x = 2*x - a. Does 28 divide 4/(-14) - 1894/x?
False
Let h = 3 + 32. Is 2 a factor of h?
False
Suppose -242 = -w + 3*j + 131, 5*w - 1901 = -3*j. Does 5 divide w?
False
Let c = 86 - 83. Suppose -c*p = -0*p - 72. Is p a multiple of 14?
False
Suppose 17*y + 9 = 20*y. Is (y/(-2))/((-6)/140) a multiple of 8?
False
Suppose 5*i - 5*d + 10 = 0, 5*d - 6 = 4*i - i. Is 12 a factor of (2 + -26)/(-3 - i)?
True
Let y(t) = 2*t**3 - 45*t**2 - 29*t - 29. Is 30 a factor of y(24)?
False
Let r = 244 + -126. Is 13 a factor of 6/9 - r/(-3)?
False
Suppose 0 = 3*o - 12, 3*o - 133 = -s + 6*o. Suppose -5*x + s = -460. Is 20 a factor of x?
False
Suppose 2*p - 2*w = p + 11, w + 10 = 2*p. Let d = 24 - p. Is d a multiple of 16?
False
Let i = 49 + 5. Let q = i + 24. Does 26 divide q?
True
Suppose -s + 1 + 6 = -g, 0 = 4*s - 5*g - 25. Let j = 10 - s. Is (j + 2 + -5)*-2 a multiple of 3?
True
Let v(d) = 3*d**2 + 98*d + 62. Is v(-33) a multiple of 5?
True
Let z(a) be the first derivative of -a**3/3 + 9*a**2 + 2*a - 4. Is z(16) a multiple of 5?
False
Suppose 54*g - 2214 = 48*g. Does 22 divide g?
False
Suppose 4*h - t - 205 = 0, 20 - 8 = 4*t. Suppose -4*n - h = -4*u, -6*n = -2*n + 2*u + 82. Is n*-2*2/4 a multiple of 18?
True
Let z be 42/98 - (-991)/7. Suppose 4*f - f = -5*w + z, -2*w + 10 = 0. Does 9 divide f?
False
Let u(q) = 856*q - 50. Is u(1) a multiple of 101?
False
Let d = -21 + 35. Let t = d - 12. Suppose -t*l = 1 + 3, 0 = j + 2*l - 46. Does 15 divide j?
False
Is 18 a factor of 128236/26 - ((-1520)/(-247) + -6)?
True
Let z(i) = -4*i - 14. Let f be z(5). Let p be f/(-4)*12/6. Suppose 5*k = 2*x + 85, -p = -k + x - 3. Does 19 divide k?
True
Suppose -4*c + 2*x = -408, c - 2*x - 155 = -59. Is c a multiple of 41?
False
Is 22 a factor of (-309 - -303)/(1 - (-456)/(-454))?
False
Suppose -4*n + w - 639 = -2506, 0 = n - 4*w - 478. Is n a multiple of 19?
False
Let j be (-699)/21 - (-4)/14. Let d = j + 65. Is d a multiple of 24?
False
Let c(v) = v**3 - 31*v**2 + 28*v - 4. Is c(31) a multiple of 18?
True
Let p be ((-4)/(-2) - 2)/(9 - 10). Let o = -5 + 10. Does 24 divide -4 + o + p + 47?
True
Let a(x) = -5*x**2 + 7*x - 5. Let g(u) = 2*u**2 - 4*u + 3. Let k(m) = -4*a(m) - 7*g(m). Let w be k(-1). Is 20 a factor of w*((-40)/(-4) + 2)?
True
Let t be (-9)/(-6)*78/(-9). Suppose 0 = -4*j - j + 155. Let c = j + t. Is 13 a factor of c?
False
Let p(z) = z**3 - z**2 - z - 1. Let t(c) = -112*c**3 - c**2 - 2. Let u(h) = -4*p(h) + t(h). Is u(-1) a multiple of 18?
False
Let r = -26 + 14. Let l be r/(-8)*-2 + -6. Let k(j) = -j**2 - 12*j - 11. Is k(l) a multiple of 16?
True
Suppose 36*j = -702 + 9810. Is 23 a factor of j?
True
Suppose -9*h = -164 - 7. Does 3 divide h?
False
Let k be 3/((-2)/2)*(-21)/7. Suppose -2*d + k = -d. Does 5 divide d?
False
Is 9 a factor of 170/1190 + (-3177)/(-7) + 0?
False
Suppose 3*i = 0, r - 5*i - 260 - 137 = 0. Is 20 a factor of r?
False
Suppose -5*d = -56 + 31. Suppose r + 2*u - 84 = 3*u, r - 114 = -d*u. Does 4 divide r?
False
Let t(x) = x**2 - 10*x + 18. Let c be t(8). Suppose 0 = -4*f + c*f + 6. Is 3 a factor of f?
True
Let a = 230 - -562. Is 8 a factor of a?
True
Suppose -4 = -j - m + 5, j = 5*m - 15. Suppose 5*a - j*c = -c, 5*a = -3*c. Suppose -4*v = -p - 71 - 25, a = 3*p. Is v a multiple of 10?
False
Let x be (-2 + -4)*(4/(-8) - -2). Is 14 a factor of (-487)/x + 14/(-126)?
False
Let t = 45 - 41. Suppose t*w = -k + 140, 2*k = 2*w + 3*k - 70. Is w a multiple of 8?
False
Let f(t) = 1084*t - 30. Is 54 a factor of f(1)?
False
Is 49 a factor of (443 - 3) + -4 - 2?
False
Let m(t) = 171*t**3 + 5*t**2 - 3*t + 1. Is 6 a factor of m(1)?
True
Let x(t) = -t**2 + 6*t - 30. Let s(j) = -2*j**2 + 13*j - 60. Let q(g) = 6*s(g) - 13*x(g). Let z(f) = -f**2 - 4*f. Let l be z(-4). Is q(l) a multiple of 9?
False
Suppose 6*f = 3*h + 3*f - 120, -62 = -2*h - 4*f. Suppose -s + h = -3*g - 0*g, 3*s = g + 151. Is s a multiple of 13?
True
Suppose -21*v + 6402 = -7941. Does 27 divide v?
False
Let m(h) = -39*h - 44. Is m(-3) a multiple of 3?
False
Suppose 0 = 5*t - 4*c - c + 15, -5*t - c = -9. Let b = 6 - t. Suppose 2*x - b*q - 27 = 37, -2*x + 40 = q. Does 14 divide x?
False
Suppose -15*i = -1841 + 266. Does 7 divide i?
True
Let k(y) = y**3 - 12*y**2 + 13*y - 5. Suppose 0*f - 22 = -2*f. Does 6 divide k(f)?
False
Let y = -106 + 109. Suppose -2*m + 69 = -y*b - 102, -5*b - 425 = -5*m. Is 21 a factor of m?
True
Suppose 2*a - 3*s = -13 + 67, -2*s - 86 = -3*a. Let z = a - -60. Is 15 a factor of z?
True
Let v(q) = q**2 + 2*q - 7. Let f be v(-7). Let g = 83 - f. Is g a multiple of 10?
False
Suppose -j - 368 = -2*j. Is 8 a factor of j?
True
Let u(j) be the third derivative of j**5/30 - j**4/8 - j**3/3 + j**2. Let o be u(-1). Suppose -56 = -o*l + 31. Is 11 a factor of l?
False
Let m = -52 - -16. Let c = 61 + m. Is c a multiple of 15?
False
Suppose -6*m + 5*m = 5, 4*q - 357 = 5*m. Suppose q = 2*t - 47. Does 13 divide t?
True
Suppose r - 15 = w + 34, 34 = r - 4*w. Suppose r = 4*i + 6*v - 4*v, -2*v - 26 = -i. Does 14 divide i?
False
Suppose 2*u - 553 = 167. Does 10 divide u?
True
Suppose -2*j + u = -4*j + 16, -2*j + 28 = 4*u. Suppose -a + 385 = j*a. Let i = a - 3. Is 13 a factor of i?
True
Let f(t) = -14*t + 6. Let i be f(-6). Suppose -5*h + 10*h - i = 0. Suppose -2*c = -3*c + h. Is c a multiple of 6?
True
Is (-123 - -15)*(-2 + (-6)/4) a multiple of 9?
True
Suppose -1 - 3 = -l, -2*l = -3*o - 167. Is (-4 - -4 - (o + 0)) + 1 a multiple of 7?
False
Suppose 6 = 3*z + 9. Let k be (-5)/10*z*2. Let t = k - -11. Is t a multiple of 12?
True
Is (-80)/(-440) - (-12008)/22 a multiple of 91?
True
Let d be -18 + -1 + 2 + 0. Let u = 33 + d. Is u a multiple of 16?
True
Suppose 8 + 1 = 3*x. Suppose 3*k + 2*k = -x*q + 149, 0 = -k - q + 29. Does 25 divide k?
False
Let f = -38 + 41. Suppose -49 = -f*o + 41. Is o a multiple of 10?
True
Let g = -96 - -91. Let u(j) = -j**3 - j**2 + 2*j - 18. Is u(g) a multiple of 9?
True
Let c = -8 + 30. Let x = c - -13. Is 35 a factor of x?
True
Let a(r) = -8*r - 22. Let l = -2 - 6. Let q = l + -1. Does 10 divide a(q)?
True
Suppose 0 = 6*s - 2*s + v - 1203, s + 2*v = 292. Suppose s + 534 = 4*b. Is 15 a factor of b?
False
Suppose -5*b + 488 = -3*v, 4*b - 204 = -v + 200. Is 20 a factor of b?
True
Let u(f) = f**3 + 4*f**2 + 3*f - 3. Suppose 0 = -10*l + 5*l - 15. Let x be u(l). Let a(d) = -31*d - 6. Does 25 divide a(x)?
False
Let w be 1*(1 - 4)*-1. Suppose -395 = -w*h - 74. Let j = h + -32. Is 15 a factor of j?
True
Suppose 0 = 5*f - 3*f. Is 4 a factor of 2 - (f + -20) - 1?
False
Let n = -16 + 22. Let z = n - -41. Is 7 a factor of z?
False
Let w be (-282)/5 - (-10)/25. Let x = 170 + w. Is 19 a factor of x?
True
Suppose 0*g + 5*q - 45 = 5*g, -3*g = 3*q + 21. Let b(i) = -i**2 - 9*i + 5. Is b(g) a multiple of 4?
False
Suppose -6*i = -873 - 3417. Is 61 a factor of i?
False
Let u(z) be the first derivative of 7*z**3/3 - z**2 + z - 5. Let g be u(1). Let y(v) = 3*v**2 - 14*v + 6. Does 15 divide y(g)?
True
Let u(w) = 19*w**2 - 8*w - 6. Does 13 divide u(4)?
False
Suppose -101*a = -4*j - 97*a + 2780, -3*j = 3*a - 2073. Is j a multiple of 9?
True
Suppose -2*t + 4*x + 18 = 0, -3*x = 4*t + t - 19. Let w be (-3 + 1 - -3) + 2/1. Suppose w*z - 55 - 63 = -t*d, -2*z - d = -88. Does 20 divide z?
False
Suppose -i + 267 = 2*j, 3*i + j - 200 - 621 = 0. Is i a multiple of 47?
False
Let d = -23 - -42. Let z be 51/12 - 12/(-16). Suppose -1 - d = -z*w. Is 4 a factor of w?
True
Let c(k) be the first derivative of -17*k**2/2 + 6*k + 3. Let r be c(-7). Is 17 a factor of (-3)/6 + r/2?
False
Let z = -69 - 78. Let o = z - -237. Is o a multiple of 18?